25. Let k be ((-150)/12)/(u/(-4)). Calculate the highest common divisor of k and v.
5
Let v = 115 - 11. Suppose -i = -3*m + 3*i + 79, 3*m + i - v = 0. Calculate the greatest common factor of 11 and m.
11
Let n(f) = -2*f + 11. Let a be n(-10). Calculate the highest common factor of a and 31.
31
Let o = -14 + 21. Calculate the highest common divisor of 49 and o.
7
Let f(k) = -16*k + 42. Let t be f(-7). What is the greatest common divisor of t and 22?
22
Let l(k) = -k**3 - k**2 - k + 4. Let w be l(-2). What is the greatest common factor of w and 15?
5
Suppose q = -q + 4. Let w be q/(-3) - 11/(-3). Let o = 6 - w. What is the greatest common factor of o and 6?
3
Let w(s) be the third derivative of s**4/24 + 13*s**3/3 + s**2. Let a be w(0). Suppose 2*t - 42 - 88 = 0. What is the highest common factor of t and a?
13
Let t be (-4)/6 - (-39)/(-9). Let h(d) = -5*d + 7. Let f be h(t). Calculate the highest common divisor of 80 and f.
16
Let y be (-236)/(-3)*3/(-2). Let h be y/(-12) - (-3)/18. Let f be (180 - 0)*1/2. Calculate the highest common divisor of h and f.
10
Let u be (-4)/(-16) - (-19)/4. Let v = 4 - -2. Let g be ((-15)/2)/((-3)/v). Calculate the greatest common divisor of u and g.
5
Suppose 0 = 2*g - 3*g + 33. What is the highest common divisor of 99 and g?
33
Suppose 0 = o - 2*o + 88. Let h(w) = w**2 - 6*w + 7. Let u be h(6). Suppose -4 = -t + u. What is the highest common divisor of o and t?
11
Let h = 11 - 8. Let o(w) = 2*w**2 + 4*w + 3. Let u be o(-2). Calculate the highest common factor of u and h.
3
Let a(r) = 2*r**2 + 13*r + 9. Let g be a(7). What is the highest common divisor of 18 and g?
18
Let s = 113 + -61. Let q be (-42)/(-9) - 2/3. Suppose -f - q*b + 29 = 0, -3*f + 2 + 45 = 2*b. What is the greatest common factor of f and s?
13
Suppose 4*n = -4, 0 = 2*z - n - 261 + 4. Let f be -7 + -2*9/6. Let a = 6 - f. What is the highest common divisor of z and a?
16
Let d(n) = n**3 - 11*n**2 - 11*n - 11. Suppose b - 11 = 1. Let s be d(b). What is the greatest common divisor of s and 1?
1
Let h(i) = 2*i + 2. Let o = 6 + -1. Let d be h(o). Calculate the greatest common divisor of d and 6.
6
Let g = 79 - -69. Suppose g = -v - 4*t, 2*v = -v - t - 400. Let k = -4 - v. Calculate the greatest common factor of k and 16.
16
Let w be (12/(20/5))/1. What is the highest common factor of 27 and w?
3
Let s be 39 - -2 - (1 + -2). Suppose -138 - 202 = -5*x - 5*n, -3*x + 174 = -3*n. What is the highest common divisor of s and x?
21
Let m(p) = 2*p - 2. Let z be m(2). Let t = -2 + z. Let x = 13 + t. What is the highest common factor of 104 and x?
13
Let h(y) = -y - 4. Let r be h(-7). Suppose -r*x = 6 + 27. Let q = 19 - x. Calculate the highest common divisor of q and 6.
6
Let v(j) = 6*j - 4. Suppose a - 2 = 8. Let z be (-34)/(-10) + a/(-25). Let f be v(z). Calculate the highest common divisor of f and 2.
2
Suppose 47 = p - 83. What is the greatest common factor of 26 and p?
26
Let n(q) = q**3 + q**2 + 3*q**2 - 2*q**2 + 4*q - 3*q**3 + 2. Let r be n(-2). What is the greatest common divisor of 27 and r?
9
Let j be 6*(10/(-4) - -2). Let t(a) = -2*a + 4. Let x be t(j). Suppose -103 + 3 = -5*g. What is the greatest common divisor of g and x?
10
Suppose 2*p = -3*j - 52 + 186, 2*p + 4 = 0. Suppose -4 - 11 = -v - 3*o, -j = -4*v + 2*o. Let x = -139 + 223. Calculate the highest common divisor of x and v.
12
Suppose 20 = h - v, 0*v + v = -5*h + 76. What is the highest common factor of h and 24?
8
Suppose -2 = -3*s - 8. Let i be (s - 4/3)*-3. Calculate the highest common factor of i and 4.
2
Let y(o) = -116*o**3 - 2*o**2 - 2*o. Let i be y(-1). What is the highest common factor of i and 29?
29
Let f(q) = -5*q - 8. Let p be f(-2). Calculate the highest common divisor of 2 and p.
2
Suppose 2*a - 4 = 140. Let p be ((-80)/25)/((-6)/15). Calculate the highest common factor of a and p.
8
Suppose 0*t + 5*t + 15 = 0, 2*s - 19 = 3*t. Suppose 127 = s*u - 173. What is the greatest common factor of u and 24?
12
Suppose -5*s + 102 = 3*d, -109 = -6*s + s + 4*d. Let z be ((-12)/(-8))/((-1)/(-70)). What is the greatest common factor of s and z?
21
Suppose -4*g - 4*w = -9*w - 4, w + 5 = 5*g. Let q be (g/(-2))/(2/4). Let t be q/4*(-4)/1. What is the greatest common divisor of t and 7?
1
Suppose 5*m - l = 18, m + 2*l + 4 = 3*m. Suppose -3*b + 2*i = 13, 0 = b + b - m*i + 14. Let n be 2/3 - 22/b. Calculate the highest common divisor of 8 and n.
8
Suppose i - u - 3 = 0, 2*u = 5*i + 5*u + 25. Let r be (49/14)/(i/(-4)). Calculate the highest common factor of 49 and r.
7
Suppose 4*c + 5*n = 95, -6*c + n + 37 = -4*c. What is the highest common factor of 120 and c?
20
Let l(j) = -j**2 + 7*j + 9. Let x be l(8). Let k = x + 1. What is the greatest common divisor of 6 and k?
2
Let s(g) = 90*g**2. Let y be s(-1). Calculate the highest common divisor of 36 and y.
18
Suppose -3*o - 172 = -3*j + 326, -3*o = -4*j + 669. Calculate the highest common factor of 9 and j.
9
Let a = -40 + 62. What is the highest common divisor of 242 and a?
22
Let c = 6 - -49. What is the greatest common factor of c and 5?
5
Let h be (8 - -2)*(-2)/(-4). Suppose 0*v = -h*v + 55. Suppose 0 = -b - 2*r + 23, -104 = -3*b - 0*b + r. Calculate the highest common factor of v and b.
11
Let w be (0 - -1) + 1*8. Suppose o + 10 = -4*o, -5*o - 70 = 4*j. Let x = w - j. What is the highest common factor of x and 16?
8
Let z = 127 - 123. What is the highest common factor of z and 36?
4
Suppose 0 = 5*i - 42 - 18. What is the highest common divisor of 60 and i?
12
Suppose 2*a = -2*a - 5*z + 8, 2*z + 6 = 3*a. Calculate the greatest common divisor of 4 and a.
2
Suppose -2*g + 23 = -11. Calculate the highest common divisor of 136 and g.
17
Let u(z) = 12*z + 1. Let g be u(4). Suppose 2*l = 2*f - 8, -22 = -f + l - 6*l. What is the greatest common divisor of f and g?
7
Let w = 72 - 39. Calculate the highest common divisor of w and 11.
11
Suppose 5*h + 22 = 2*m, m - 3*h = -2*h + 5. Let y be 4/10 + 52/20. What is the highest common divisor of y and m?
1
Let y(u) = 31*u + 5. Let v be y(3). Calculate the greatest common divisor of v and 14.
14
Suppose h - 3*h + 42 = 0. Let z = 11 + 10. What is the highest common divisor of h and z?
21
Let i = -4 + 9. Suppose -4*w = -i*v + 54, 2*v + 2*w = 6*w + 24. Suppose -4*h + 26 = x - 44, -5*h = -4*x + 175. What is the greatest common factor of x and v?
10
Let k = 7 + 4. Calculate the greatest common factor of 121 and k.
11
Suppose 5*u + 5*y - 25 = 0, -2*u - 2 = -y - 6. Suppose u*n - 2 = n, 2*n = -q + 50. What is the greatest common factor of 12 and q?
12
Let s be 15/2 - (-9)/(-18). What is the highest common factor of s and 77?
7
Suppose -h - 16 = -k + 9, 4*h + 16 = k. Suppose r = -m + 4, -m + 4*r = 2*m - 12. Calculate the highest common divisor of m and k.
4
Let c be 3/(-6) + 9/2. Let j = c + -4. Suppose 0 = -j*b + 3*b - 351. What is the greatest common divisor of 13 and b?
13
Let n = 5 + -3. Let i be 245 - (1 - n/(-1)). Calculate the highest common factor of 22 and i.
22
Suppose h = -2*f + 24, 0 = -f - 8*h + 3*h + 30. What is the greatest common divisor of 130 and f?
10
Let i(x) = 3*x**2 + 4*x. Let q be i(3). What is the greatest common factor of q and 52?
13
Let r = -8 + 13. Suppose -h - 3 = z - r*h, 4*h = -z + 21. Suppose 0*v + 2*v - 72 = 0. What is the highest common divisor of v and z?
9
Let f = -2 - 2. Let s be (-14240)/25 - f/(-10). Let l be 4/22 + s/(-11). Calculate the greatest common factor of l and 13.
13
Let p = 12 - 10. What is the highest common factor of 6 and p?
2
Let v be (-2)/3 + 3/(-9). Let w(z) = -48*z. Let k be w(v). Let y = -24 + 40. Calculate the highest common factor of k and y.
16
Suppose 239 = 2*g - 3*p, 0 = -2*g - 3*g - 2*p + 607. Let i = -11 - -22. What is the greatest common divisor of g and i?
11
Let y(d) = -2*d + 6. Let k be y(12). Let i = 0 - k. Calculate the highest common factor of 162 and i.
18
Let z be 28 + -3 + 4/(-4). Let p(w) = -2*w + 16*w + 1 - w**2 - 2*w. Let t be p(5). What is the greatest common divisor of t and z?
12
Let v be -112*(0/3 - 1/2). Calculate the highest common divisor of v and 8.
8
Let z be -20*(132/10)/(-3). Suppose 5*s = 2*s + 33. What is the highest common divisor of z and s?
11
Suppose 0 = -4*f + 3*m + 41, -m - 2*m = 5*f - 85. Suppose -4*g = -2*g - f. What is